) + 17*u(t). Let p be l(2). Suppose -6*n - p = -9*n. Is n a composite number?
False
Let q = 1869 - 811. Suppose j = -j + q. Is j a prime number?
False
Let b = 13 + -43. Let n be (b/(-9))/((-4)/(-222)). Suppose -4*a - a = -n. Is a a composite number?
False
Let d be 5/2 - 10/(-20). Suppose j + 5*w = 23, 3*j - 6*j = -3*w + d. Suppose 0*r = j*r - 4*a - 451, 2*r + 2*a = 296. Is r a prime number?
True
Let c(f) = 23*f. Let h(z) = -2*z. Let y(a) = 2*c(a) + 22*h(a). Let k be y(1). Suppose 0 = -2*l - k*l + 508. Is l composite?
False
Let q be (-90)/25*(-65)/2. Let w = q - 32. Is w a composite number?
True
Suppose 27*x = 24*x + 15. Suppose -2*y - 6005 = -4*y - x*c, -11986 = -4*y - 2*c. Is y a prime number?
False
Suppose 3*g + 6 = 21. Suppose 4*k = -4*x + 7*x - 15, g*k + 5*x = 25. Suppose 1895 = 5*s - k*s. Is s composite?
False
Suppose -35*c = -45*c + 68030. Is c composite?
False
Suppose -27*s = -22*s - 140. Is 12*(s/16)/1 a prime number?
False
Is (-7 + -4902)/((-9)/153) composite?
True
Let c = 3091 - -1060. Is c composite?
True
Let v be (-2 - -125) + -2 + 3. Suppose v = -f + 2*z, -3*z = f - 2*z + 133. Let k = 317 + f. Is k composite?
True
Let k be -20*((-4)/(-10))/(-1). Suppose 3*d = k*d + 12650. Is d/(-8) + (-66)/(-88) a composite number?
False
Let v(o) = 3*o**3 + 2*o**2 - 2*o - 29. Let j = 10 - 17. Let p(i) = -4*i**3 - 3*i**2 + 3*i + 43. Let u(n) = j*v(n) - 5*p(n). Is u(-5) a prime number?
False
Let o(d) = -134*d - 543. Is o(-10) a prime number?
True
Suppose 0 = 2*k - b - 30, 19 = 5*k + 3*b - 67. Let z(y) = y**3 + 17*y + 120*y**2 + 13 + 4*y - 137*y**2. Is z(k) prime?
False
Suppose -4*g - 2*a - 12 = 0, g - a = -3*a - 6. Let c(b) be the first derivative of -144*b**2 + 5*b + 5. Is c(g) a prime number?
False
Let r(g) = 312*g**2 - 9*g - 16. Is r(-5) a prime number?
True
Let a(u) = -u**2 - 7*u - 5. Let y be a(-4). Let h be (-34)/5 + y/(-35). Let g(z) = -z**3 - 5*z**2 + 5*z - 8. Is g(h) composite?
True
Suppose 2*y - 23 = 3*b, -b + 14 = y - 3*b. Suppose 17 = y*o + 5. Is o/((-18)/1130)*-3 prime?
False
Let j(w) = 67*w + 35. Is j(12) prime?
True
Let k(u) = -15*u + 15. Let d(h) = 14*h - 15. Let v(j) = 5*d(j) + 6*k(j). Let n(q) = -6*q**3 + q**2 - q + 1. Let a be n(1). Is v(a) a prime number?
False
Suppose -g + 2*d = -23, -2*g + 5*d + 67 = g. Let r = 82 - g. Let k = r - 26. Is k a prime number?
True
Let k be 1/((4/(-4))/(-3)). Is 2/k + ((-42325)/15)/(-5) composite?
True
Let a = 839 + -576. Let w = -527 + a. Let x = w - -419. Is x a composite number?
True
Suppose -2*j + 25 = 6*h - h, 0 = 3*j - 2*h + 10. Let c(d) = -35*d + 9 + 7*d + j. Is c(-11) a composite number?
False
Is 157675/35 - (-3 + -5) composite?
False
Is (-12)/9 - 4993/(-3) a prime number?
True
Let i(r) be the second derivative of -17*r**3/6 - 3*r**2/2 + 3*r. Let v be i(-4). Let w = v + -10. Is w a prime number?
False
Is 195/(-9)*(-134790)/50 a prime number?
False
Let w(y) = -y**3 - 2*y**2 + 9*y - 13. Is w(-15) a composite number?
False
Suppose 0 = -5*p - 4*c + 20, -p + 5*c = 2*p + 25. Suppose p = 5*b - 8*b + 12. Suppose -2*a + 180 = -b*o - 18, 0 = 4*a - 4*o - 376. Is a a prime number?
True
Suppose 4*x - 2*n = -4, -2*x - 6 = -n - n. Is (1254/(-12))/(x/(-2)) a prime number?
False
Is (42/(-49))/((-6)/114891) a composite number?
True
Suppose 5*h - 5*d - 1490 = 0, 2*d = -0*d + 6. Suppose t - 3*t = 3*q - 313, 0 = -2*t + q + h. Suppose l = -4*g + t, 3*l + 107 = 2*g + 17. Is g prime?
False
Suppose z - 5*f - 1739 = 0, 3*z - z - 3510 = 2*f. Is z a prime number?
True
Suppose 21*b - 34249 - 258974 = 0. Is b prime?
True
Suppose 0 = a - 3*j - 865, -238 = -2*a - 2*j + 1524. Is a prime?
True
Let i(w) = 377*w**2 + 3. Let d be i(4). Suppose d = -22*n + 27*n. Is n a prime number?
False
Let g be 18 - (-6)/(-2) - -2. Suppose -897 = 14*o - g*o. Is o prime?
False
Suppose y - 5*y - 5*s + 2358 = 0, -5*y + 5*s + 2925 = 0. Is y a prime number?
True
Is 9772 + ((-15)/(-3) - 10) a prime number?
True
Let s be (8/10)/((-2)/(-10)). Suppose 0 = s*p + 2*o + 12, 3*p - 17 = 4*o - 4. Is -3 + 0 + (-50)/p composite?
False
Let r be -2*1 - (12 - 314). Suppose s = -4*s - r. Let z = s - -147. Is z prime?
False
Is 193004/10 - (-6)/10 prime?
True
Suppose -2*u + 5*x + 4634 = 7*x, -5*u = -4*x - 11567. Is u a prime number?
False
Suppose -2*h + 4*o - 330 = 0, -3*h - 2*h - o = 847. Let c = 1 + -3. Is 5*(c - h) - -4 a prime number?
True
Let c = -7 + 10. Suppose 0*h = 5*j + h - 933, -c*j + 3*h = -567. Is j prime?
False
Suppose -356097 - 276428 = -25*o. Is o prime?
True
Let s be ((-3)/(-6))/(1/4). Let u(o) = -o**3 + 5*o**2 - 3*o + 1. Let q be u(4). Suppose 159 = -s*d + q*d. Is d composite?
False
Let s(u) be the first derivative of 53*u**4/4 + u**3/3 - u - 22. Let h(b) = 2*b**2 + b. Let a be h(-1). Is s(a) prime?
True
Suppose 4284 = w - 4*w. Let o = w - -2225. Is o a composite number?
False
Let s(z) = 209*z**2 - 7*z - 69. Is s(10) prime?
False
Let q = 52 + -52. Suppose 2*a = -5*k + 2029, 2*k - 4*a + 9*a - 799 = q. Is k a composite number?
True
Suppose -102*g + 33508 = -98*g. Is g a prime number?
True
Is -1499*7/(63/(-9)) a composite number?
False
Let f = -1529 - -3194. Suppose 4*j - f = -j. Suppose j = -5*r + 1348. Is r a composite number?
True
Let f(i) = -192*i**2. Suppose 1 = -6*v + 7*v. Let q be f(v). Is -3*q/9 + 3 composite?
False
Suppose p + 20 = -p. Let n = p + 4. Is ((-4)/n)/(6/4689) composite?
False
Let a = 131313 - 51712. Is a composite?
False
Let z(o) = 3*o**2 + 2*o - 4. Let y be z(3). Let q = y - -28. Let h = q + 17. Is h a prime number?
False
Suppose 2*u - 10 + 0 = 0. Suppose -3*a - 44 = u*z, 4*z = -4*a - 48 - 16. Let r = 53 + a. Is r composite?
True
Suppose -3*f = -6, 2*j = j - 2*f + 19. Suppose j*x = 4923 + 1032. Is x prime?
True
Let x(o) = 70*o**3 - 3*o**2 - 9*o + 11. Is x(5) a composite number?
False
Let l be 27/6 + (-7)/(-14). Suppose -l*y - 4993 = -10*y - 4*q, -3*y + q + 2989 = 0. Is y composite?
False
Let y(j) = 34*j + 67. Let s(m) = -14*m - 30. Let h(p) = -29*p - 61. Let r(l) = 3*h(l) - 5*s(l). Let o(x) = -5*r(x) - 2*y(x). Is o(14) prime?
True
Suppose -3*l + 1574 = 6*v - 2*v, 0 = 3*v + 3*l - 1179. Suppose -v = -y - 106. Is y composite?
True
Let g(d) = -d**3 + 6*d + 953. Is g(0) composite?
False
Let o(l) be the third derivative of -19*l**4/3 + 2*l**3/3 - 3*l**2. Let t be o(3). Let i = t - -655. Is i a prime number?
False
Let l(u) = -44*u**3 - u**2 - 18*u + 12. Is l(-9) composite?
True
Suppose 5*l - n = -31, -4*l + 3*l = 2*n + 4. Let a be -18 - (l + 3)*1. Is (-6)/9 + (-4945)/a a prime number?
False
Suppose -4*x = 5*c - 5, 5*c - 3*x - 48 = -8. Suppose 334 = 6*d - c*d. Is d prime?
False
Suppose -5*i + 35435 = -18320. Is i prime?
False
Suppose 0*o + o = 3*u - 10, 4*o = 8. Suppose l + u*v + 13 = 0, l - 4*v + 0*v - 19 = 0. Is (3/l + -2)*-89 a composite number?
False
Let o be 5/(-10) - 14/(-4). Suppose 5*h - 830 = -c + 5*c, 0 = -3*h + o*c + 498. Suppose -3*j = -j - h. Is j composite?
False
Suppose 1 = -4*c - j - 2, 2*j + 6 = 4*c. Suppose -3*i - i - 5*s + 275 = 0, c = -5*s - 5. Let x = 101 - i. Is x prime?
True
Let z = -1225 - -2586. Is z prime?
True
Is ((-2860)/495 - (-4)/(-18)) + 2059 a prime number?
True
Let c(l) = 2*l**2 + 5*l - 10. Let v(u) = 2*u**2 + 5*u - 11. Let k(z) = 6*c(z) - 5*v(z). Suppose 5*y - 18 = -3*j, 5*y - 34 = -0*j + j. Is k(y) prime?
True
Let k = -210 + 769. Suppose -846 = -3*j + 4*p + k, 5*j = 4*p + 2339. Is j prime?
True
Let c be -11*(2 - (-4 + 7)). Suppose i + c = w, 17 = 2*w - 3*i - 3. Let m = w - 6. Is m prime?
True
Let p = 23460 + -8491. Is p prime?
True
Suppose -6*w + 230 = -382. Let i = 77 + w. Let h = 152 + i. Is h composite?
False
Suppose 3*p - 2*l = -122, l + 0*l = -2*p - 72. Let x = p + 71. Let q = x + -10. Is q a composite number?
False
Let d(w) = -w**3 - 5*w**2 + 2*w - 19. Let q be d(-6). Suppose -b + 5350 = q*o, 3*b - 3222 = 3*o - 6*o. Is o a composite number?
False
Let n(p) = 87*p**2 + 3*p - 1. Let u be n(-7). Let i = u - 2508. Is i composite?
False
Let a be 1/(-1) - 72/(-18). Suppose a*f - 5*f + 10 = 0. Suppose -f*g + 3*g + 5*v = -685, 5*g + 3*v = 1790. Is g composite?
True
Suppose 2*a - 24892 = 161482. Is a a prime number?
True
Suppose -9*a + 14*a - 358375 = -4*r, a - 71674 = -r. Is a composite?
True
Let z = 18914 - 1831. Is z prime?
False
Is 87131/22 + -11 + (-2)/4 a prime number?
False
Is 21454/51*(-348)/(